= 4 + -2. Let v be -26 - -33 - (0 + g). Suppose v*b - 3*b + 2*d = 108, 5*d = -b + 50. What is the units digit of b?
5
Let o(q) = 0*q**2 + q**2 - q + 3*q + 5 - 4. Let a be o(-3). Suppose 6*b + 1 = r + 3*b, -a*b + 43 = 5*r. What is the units digit of r?
7
Let q = 1042 + -655. Let k = -271 + q. What is the units digit of k?
6
Suppose 0 = 6*s - 16 - 20. Let p(l) = 8*l**2 - l + 13. What is the tens digit of p(s)?
9
Suppose -4*q = 4*d, -2*d = -4*d + 2*q + 20. Suppose 2*l + d = 95. What is the units digit of l?
5
Let s(k) = -6*k**2 - 2*k. Let p(g) = -17*g**2 - 6*g - 1. Let c(d) = -4*p(d) + 11*s(d). What is the units digit of c(-4)?
8
Suppose -8*n + 3*n = -70. Let m be 2 + 0/((-1)/(-1)). Suppose m*h - h = n. What is the units digit of h?
4
Suppose -3*u + 7 = 2*f - 2, -u = 3*f - 3. Suppose u*z = 209 + 85. What is the tens digit of z?
9
Let f be 97/2 + (-5)/(-10). Let v = 225 - f. What is the tens digit of v?
7
Let q = 20 - 17. What is the units digit of 42*1 + 9/q?
5
Let g = -807 + 1155. What is the tens digit of g?
4
Suppose 4*l = 2*v - 4*v + 232, 124 = v + 4*l. Suppose -2*o - v = -5*o + 3*q, 78 = 2*o + 4*q. What is the tens digit of o?
3
Suppose -23*i + 31914 = -61305. What is the units digit of i?
3
Suppose 5*u = 693 + 332. Let p = -112 + u. What is the tens digit of p?
9
Let b(s) = -4*s**2 + 3*s + 2. Let k(h) = -h**2 + 4 - h + 0 - 2 - 3. Let g(a) = -b(a) + 2*k(a). What is the units digit of g(4)?
8
Let u = 5 + -77. Let x be (-4)/2 + u/(-6). What is the units digit of ((-45)/x)/(3/(-8))?
2
Let v(j) = 1106*j + 23 + 7 - 1098*j. What is the units digit of v(6)?
8
Suppose 5*j = -4*x + 118, 0 = 4*x - 3*x + 3*j - 26. Let u be (11/(-4))/((-2)/x). Suppose 4*d + v - 46 = d, -u = -4*d + 3*v. What is the units digit of d?
4
Suppose -2*u - 24 = -0*u - 5*l, -2*u - 56 = 3*l. Let y = u - -31. What is the units digit of -22*2*y/(-12)?
3
Let c = -373 + 681. What is the tens digit of c?
0
Let u(y) = 3*y**3 - 5*y**2 + 3*y - 4. Let t(j) = j**3 - j**2 - 1. Let p be t(2). What is the tens digit of u(p)?
4
Suppose -4*c - 34*c = -75848. What is the tens digit of c?
9
Let l = -26 - -24. Let y be 1 + 1 + (3 - l). Let c = y - -17. What is the tens digit of c?
2
Let q be (10/30)/(2/30). Suppose -q*u - 26 = -86. What is the units digit of u?
2
Suppose 5*k = 4*r - 20, 2 = 3*r - k - 2. Suppose -25*t + 28*t + 165 = r. Let v = -29 - t. What is the tens digit of v?
2
Suppose 0 = 7*x - 6*x - 15. Let j(n) = -2 + 2*n**2 - x + 5 - n - 1. What is the tens digit of j(-6)?
6
Suppose 0 = 22*z - 113 - 2065. What is the tens digit of z?
9
Let b = -190 - -198. Let z(u) = u**3 + 4*u - 7*u**2 + 17 - 7*u - 3*u. What is the units digit of z(b)?
3
Let k = 1998 - 442. What is the tens digit of k?
5
Suppose 0*b - 4*b + 104 = 0. Let d be (-3 - 14/(-4))*b. Let v = 5 + d. What is the tens digit of v?
1
Suppose -4*o = -4*x - 944, -7*x + 2*x - 4*o - 1216 = 0. Let t be x/(-9) - (-5)/15. Suppose 3*v - 2*v - 3*c = t, -3*v + 107 = 4*c. What is the units digit of v?
3
Suppose -36 = f - 13*f. Let q(p) = 0 + 4 - 7*p - 2 + 4*p**2. What is the units digit of q(f)?
7
Let w = -25 + 246. What is the tens digit of w?
2
Let y(s) = -4*s**3 - s**2 + 11*s + 16. What is the units digit of y(-4)?
2
Suppose 4*h + 37 = -a, 0*a + 5*h - 9 = 2*a. Let l = a + 16. What is the units digit of ((-2)/2)/(l/41)?
1
Let v = 17 - 12. Suppose -v*z + 20 = 4*q, 2*q + 0*q + 3*z = 8. What is the units digit of (15/(-9))/(q/(-36))?
6
Let h(b) = b**3 + 8*b**2 - b - 11. Let n be h(-8). Let x be n*(2 + 1 + -14). Let m = 48 - x. What is the tens digit of m?
1
Let o = 96 + -68. Suppose -t = -2*y + 10, -t + o = 3*y + 4*t. Let j = -3 + y. What is the units digit of j?
3
Suppose -5*w - 4*v = -20, -3*v + 4*v = 5*w - 20. Suppose -i + 0*n - 5*n = 870, 0 = -5*i + w*n - 4350. What is the units digit of 10/(-45) + i/(-27)?
2
Let r(q) = q**3 - 11*q**2 + 10*q + 14. Let w be r(10). Suppose 0 = 5*f + 59 - w. Let d = f + 14. What is the units digit of d?
5
Let l be (3/(-2))/((-6)/8). Let m be 3*(-1)/(6/4). What is the units digit of l*(m - (-69)/6)?
9
Let k(b) = -b**3 - 2*b**2 + b + 2. Let v be k(-2). Suppose 4*j - 5*u - 3 - 10 = v, j = -3*u - 1. Suppose -5 = -d - j. What is the units digit of d?
3
Suppose -2*c = 5*t - 98, -5*t + 68 = -t - c. Let b(l) = -29*l + 92. Let f be b(3). Suppose 2*v + 19 = -f*x, t = -3*v - 5*x + 2. What is the units digit of v?
3
What is the tens digit of (-3260)/(-8) + (-2)/(-4)?
0
Suppose -5*z = -y - 22, 2*z + 0*y - 13 = -y. Suppose 531 = z*w - 4*x, 2*x + 8 = -0*x. Let i = w - 63. What is the units digit of i?
0
Suppose -2*a = 9*h - 14*h + 8237, -5*a - 1652 = -h. What is the hundreds digit of h?
6
Let w = 6 - -25. Let k = -10 + w. What is the units digit of k?
1
Suppose -3*f = 5*q - 4244, 16*f - 18*f = -6. What is the tens digit of q?
4
Let s = 60 + -36. Suppose 2*r - 3*f + 24 = 0, 2*r - 4*f + s = f. What is the units digit of -39*(r/4 - -2)?
9
Suppose 14 = o - 6. Suppose 0 = -3*l - 8 + o. Suppose 0*g + 72 = l*g. What is the units digit of g?
8
Suppose -2*c - 30 = -7*c. Suppose -c*h = 2*h - 216. What is the tens digit of h?
2
What is the hundreds digit of 17*1158/(-18)*-3?
2
Suppose -173408 = -50*k + 45892. What is the tens digit of k?
8
Let p = 1799 - -2105. What is the tens digit of p?
0
Let t be (-10)/35 - 30/(-7). Suppose -2*v - 4*o = -5*o - 84, -3*v = o - 136. Suppose -t*j = -6*j + v. What is the tens digit of j?
2
Suppose -4*x + 5*z + 4447 = 0, -5*x = 3*z - 0*z - 5605. What is the tens digit of x?
1
Let p(d) be the first derivative of d**3/3 + 3*d**2 - 3*d - 6. Let f(u) be the first derivative of p(u). What is the tens digit of f(5)?
1
Let p = -3533 - -5121. What is the hundreds digit of p?
5
Let h = -309 - -710. What is the units digit of h?
1
Let r(f) = 2 - 2 - 1 + 4 + f. Let l be r(-2). What is the tens digit of (-34)/17 + 16 + l?
1
Suppose -4 = -0*u - u, 4*r + 4*u = 40. Suppose -g + 3 = r. Let d(f) = -2*f**3 - 4*f**2 - 4*f. What is the tens digit of d(g)?
3
Let y = -11 - -17. Suppose -6 = -4*q + y. Suppose q*h - 24 = -0*h + 5*d, -5*d = 0. What is the units digit of h?
8
Let n(p) = -5*p - 2. Let k = -6 - -5. Let g be n(k). Suppose -f = -g, r - 3*f = 2*f - 9. What is the units digit of r?
6
Suppose -7 + 5 = j. Let o = 39 + -25. Let q = o + j. What is the tens digit of q?
1
Suppose -2*n + 212 = -4*r, 3*n + n + 200 = -4*r. Let k = r - -115. What is the tens digit of k?
6
Let k = -6 + 4. Let m be ((-12)/9)/(k/3). Suppose -2*d - 62 = -5*d + m*h, -46 = -2*d - h. What is the units digit of d?
2
Let i(h) = -h**3 - 21*h**2 - h. What is the tens digit of i(-21)?
2
Let k(f) = f. Let h be k(3). Let g = 5 + h. Suppose -4*q + g = -8. What is the units digit of q?
4
Let t = 2888 + -1223. What is the thousands digit of t?
1
Let u = -1036 + 2277. What is the thousands digit of u?
1
What is the thousands digit of (9/6)/((-6)/(-5392))?
1
Let g be (-1)/3 - ((-75)/9 + 1). Let d(r) = -r**3 + 7*r**2 + 2*r - 9. What is the units digit of d(g)?
5
Let s = -21 - -30. Suppose s*u = 6*u + 132. What is the units digit of -1 + -1 - u*-1?
2
Suppose -4*l + 3373 = -5*j, -5*l + 4*j + 4220 = -j. What is the hundreds digit of l?
8
Let l(o) be the second derivative of o**5/20 + o**4/2 - 7*o**3/6 + 2*o. Let n(u) = -u**3 + u**2 + 2*u - 5. Let m be n(0). What is the tens digit of l(m)?
6
Let f(g) = -g**2 + 6*g - 4. Let k be f(6). Let n be 6*k/(-8)*1. Suppose -2*s + 32 = 3*s - 3*v, n*v + 4 = -2*s. What is the units digit of s?
4
Suppose -3*k + 177 = 2*i - 419, -227 = -k + 5*i. What is the hundreds digit of k?
2
Let k = 14 + 2189. What is the units digit of k?
3
Suppose 10*y + 3276 = 12*y. What is the tens digit of (-16)/(-64) - y/(-8)?
0
Let s(o) = o - 6. Let y be s(6). Suppose 2*m - b = -y*m + 52, 0 = 3*m - 3*b - 78. Suppose -1 + m = 5*u. What is the units digit of u?
5
Let u be (-4)/12 + (-416)/(-6). Let q = u + -22. What is the units digit of q?
7
What is the units digit of 1/26*1798 - 8/52?
9
Let c(g) = -224*g - 1. What is the units digit of c(-1)?
3
Suppose q + 2*q = 144. What is the hundreds digit of q/(-18)*477/(-12)?
1
Suppose -93*a - 8877 + 233379 = 0. What is the hundreds digit of a?
4
Let p(k) = -k**2 - 7*k. Let v be p(-6). Suppose 0*g + 120 = v*g. What is the tens digit of g?
2
Let i = 11 - 8. Suppose 2*r - 3*k + 28 = -12, -i*r - 4*k = 43. What is the